What is the units digit of 3959?
9
What is the hundreds digit of 2467?
4
What is the thousands digit of 17345?
7
What is the thousands digit of 6080?
6
What is the hundreds digit of 396?
3
What is the tens digit of 61851?
5
What is the hundreds digit of 41857?
8
What is the tens digit of 1843?
4
What is the units digit of 1986?
6
What is the units digit of 574?
4
What is the hundreds digit of 608?
6
What is the tens digit of 4355?
5
What is the hundreds digit of 83701?
7
What is the hundreds digit of 1082?
0
What is the units digit of 1322?
2
What is the ten thousands digit of 80348?
8
What is the tens digit of 7344?
4
What is the units digit of 786?
6
What is the units digit of 811?
1
What is the thousands digit of 39902?
9
What is the ten thousands digit of 12520?
1
What is the thousands digit of 8542?
8
What is the tens digit of 181?
8
What is the tens digit of 392?
9
What is the tens digit of 5693?
9
What is the tens digit of 16152?
5
What is the units digit of 1098?
8
What is the tens digit of 77250?
5
What is the hundreds digit of 61506?
5
What is the ten thousands digit of 36169?
3
What is the ten thousands digit of 31427?
3
What is the hundreds digit of 597?
5
What is the hundreds digit of 1006?
0
What is the thousands digit of 2953?
2
What is the units digit of 1606?
6
What is the thousands digit of 3075?
3
What is the tens digit of 23922?
2
What is the tens digit of 2040?
4
What is the hundreds digit of 1133?
1
What is the hundreds digit of 168?
1
What is the tens digit of 3081?
8
What is the hundreds digit of 52079?
0
What is the tens digit of 5515?
1
What is the hundreds digit of 732?
7
What is the ten thousands digit of 11026?
1
What is the tens digit of 21?
2
What is the thousands digit of 6887?
6
What is the thousands digit of 5987?
5
What is the tens digit of 1036?
3
What is the thousands digit of 12623?
2
What is the units digit of 344?
4
What is the tens digit of 354?
5
What is the hundreds digit of 53765?
7
What is the thousands digit of 1347?
1
What is the thousands digit of 9758?
9
What is the tens digit of 6522?
2
What is the ten thousands digit of 28220?
2
What is the thousands digit of 36561?
6
What is the hundreds digit of 893?
8
What is the tens digit of 50772?
7
What is the units digit of 1357?
7
What is the hundreds digit of 9531?
5
What is the tens digit of 23825?
2
What is the tens digit of 11301?
0
What is the tens digit of 2340?
4
What is the hundreds digit of 1218?
2
What is the units digit of 1582?
2
What is the hundreds digit of 132312?
3
What is the thousands digit of 55447?
5
What is the units digit of 142?
2
What is the thousands digit of 122162?
2
What is the thousands digit of 8958?
8
What is the units digit of 50774?
4
What is the hundreds digit of 5590?
5
What is the thousands digit of 4936?
4
What is the thousands digit of 29807?
9
What is the units digit of 2354?
4
What is the units digit of 101?
1
What is the hundreds digit of 2002?
0
What is the units digit of 7167?
7
What is the hundreds digit of 42736?
7
What is the units digit of 2509?
9
What is the hundreds digit of 3053?
0
What is the hundreds digit of 7527?
5
What is the units digit of 6981?
1
What is the ten thousands digit of 28652?
2
What is the thousands digit of 62589?
2
What is the tens digit of 3948?
4
What is the tens digit of 29620?
2
What is the thousands digit of 2229?
2
What is the hundreds digit of 1074?
0
What is the hundreds digit of 256?
2
What is the hundreds digit of 569?
5
What is the units digit of 5503?
3
What is the tens digit of 1257?
5
What is the ten thousands digit of 22318?
2
What is the thousands digit of 107998?
7
What is the units digit of 75071?
1
What is the thousands digit of 4271?
4
What is the tens digit of 23133?
3
What is the thousands digit of 14002?
4
What is the thousands digit of 81131?
1
What is the units digit of 7290?
0
What is the hundreds digit of 1272?
2
What is the units digit of 5?
5
What is the units digit of 6893?
3
What is the ten thousands digit of 60383?
6
What is the tens digit of 4066?
6
What is the thousands digit of 150867?
0
What is the hundreds digit of 2527?
5
What is the units digit of 8189?
9
What is the hundreds digit of 11104?
1
What is the tens digit of 122446?
4
What is the thousands digit of 2488?
2
What is the hundreds digit of 73344?
3
What is the hundreds digit of 1929?
9
What is the ten thousands digit of 94820?
9
What is the tens digit of 1828?
2
What is the tens digit of 24744?
4
What is the hundreds digit of 444?
4
What is the thousands digit of 22280?
2
What is the tens digit of 30813?
1
What is the tens digit of 13841?
4
What is the thousands digit of 36063?
6
What is the hundreds digit of 3718?
7
What is the tens digit of 6276?
7
What is the thousands digit of 21814?
1
What is the thousands digit of 2702?
2
What is the units digit of 841?
1
What is the units digit of 3245?
5
What is the units digit of 659?
9
What is the thousands digit of 22616?
2
What is the thousands digit of 57513?
7
What is the tens digit of 39092?
9
What is the tens digit of 2314?
1
What is the thousands digit of 41643?
1
What is the units digit of 2023?
3
What is the hundreds digit of 402?
4
What is the tens digit of 3139?
3
What is the units digit of 847?
7
What is the tens digit of 365?
6
What is the units digit of 904?
4
What is the tens digit of 21517?
1
What is the tens digit of 797?
9
What is the thousands digit of 20927?
0
What is the hundreds digit of 5161?
1
What is the hundreds digit of 347?
3
What is the hundreds digit of 5426?
4
What is the hundreds digit of 690?
6
What is the units digit of 13534?
4
What is the units digit of 1186?
6
What is the tens digit of 1643?
4
What is the hundreds digit of 26811?
8
What is the thousands digit of 1886?
1
What is the hundreds digit of 3250?
2
What is the hundreds digit of 2600?
6
What is the tens digit of 4980?
8
What is the thousands digit of 6427?
6
What is the tens digit of 1547?
4
What is the units digit of 458?
8
What is the units digit of 8199?
9
What is the thousands digit of 48196?
8
What is the units digit of 2312?
2
What is the hundreds digit of 35004?
0
What is the thousands digit of 1469?
1
What is the tens digit of 91015?
1
What is the tens digit of 553?
5
What is the tens digit of 252?
5
What is the units digit of 2719?
9
What is the ten thousands digit of 16263?
1
What is the tens digit of 537?
3
What is the hundreds digit of 6856?
8
What is the thousands digit of 49951?
9
What is the thousands digit of 46321?
6
What is the tens digit of 33362?
6
What is the hundreds digit of 2380?
3
What is the hundreds digit of 47912?
9
What is the thousands digit of 4227?
4
What is the units digit of 2087?
7
What is the hundreds digit of 2725?
7
What is the hundreds digit of 1848?
8
What is the units digit of 382?
2
What is the ten thousands digit of 81825?
8
What is the thousands digit of 20192?
0
What is the tens digit of 26012?
1
What is the thousands digit of 156498?
6
What is the thousands digit of 2677?
2
What is the hundred thousands digit of 108708?
1
What is the thousands digit of 69744?
9
What is the hundreds digit of 757?
7
What is the tens digit of 94?
9
What is the tens digit of 633?
3
What is the ten thousands digit of 19982?
1
What is the hundreds digit of 1225?
2
What is the thousands digit of 45792?
5
What is the units digit of 1173?
3
What is the thousands digit of 1060?
1
What is the units digit of 712?
2
What is the units digit of 225?
5
What is the thousands digit of 3119?
3
What is the thousands digit of 5537?
5
What is the tens digit of 2403?
0
What is the hundreds digit of 727?
7
What is the ten thousands digit of 21918?
2
What is the hundreds digit of 19912?
9
What is the hundreds digit of 4616?
6
What is the hundreds digit of 192?
1
What is the hundreds digit of 37116?
1
What is the ten thousands digit of 53063?
5
What is the units digit of 291?
1
What is the hundreds digit of 902?
9
What is the units digit of 1677?
7
What is the tens digit of 49740?
4
What is the units digit of 9491?
1
What is the tens digit of 179721?
2
What is the tens digit of 2466?
6
What is the tens digit of 3011?
1
What is the tens digit of 31755?
5
What is the hundreds digit of 819?
8
What is the tens digit of 80611?
1
What is the tens 